{"id":87,"date":"2024-03-13T19:54:24","date_gmt":"2024-03-13T18:54:24","guid":{"rendered":"https:\/\/faipercomano.ch\/?page_id=87"},"modified":"2024-03-15T23:59:38","modified_gmt":"2024-03-15T22:59:38","slug":"elezioni","status":"publish","type":"page","link":"https:\/\/faipercomano.ch\/?page_id=87","title":{"rendered":"I candidati"},"content":{"rendered":"\n\n\n\n<p><\/p>\n<p><\/p>\n\n\n\n\n\n\n<h1>I candidati per le elezioni comunali 2024<\/h1>\n\n\n\n\n\n<h2>Per il Municipio e il Consiglio Comunale<\/h2>\n\n\n\n\n\n\n\n<h2>Paolo Zaniol<\/h2>\n\n\n\n<h4 style=\"text-align: justify; \">\nPaolo Zaniol, 12.01.1959 <br>\nattivit\u00e0:  indipendente <br>\nIn breve: Informati, Rifletti, Decidi <br>\n<\/h4>\n <br>\n<p style=\"text-align: justify; \">\nSono nato a Lugano da pap\u00e0 veneto e mamma locarnese. <br>\nDa Savosa mi trasferisco nel1994 a Comano per costruire casa e \u201cmettere su famiglia\u201d.\nSono appassionato di storia (del territorio), di storie (delle persone) e di natura, partendo nel concreto dal  nostro giardino e vigneto.\nSino al 2023, ho lavorato in campo finanziario, da ultimo come responsabile CS Ticino per i rischi di credito commerciali\/immobiliari.  Ad oggi resto attivo quale formatore economico ed esperto per diversi esami professionali. <br>\nPerch\u00e9 mi candido? : perch\u00e9 dopo una lunga fase di politica \u201cpassiva\u201d ho ora tempo e esperienza per una funzione pi\u00f9 partecipativa.\nIdealmente, ritengo che la risposta migliore per l\u2019amministrazione del nostro Comune sia una lista Civica dove si raggruppino in maniera apartitica il meglio delle competenze, soprattutto adesso in vista d\u2019importanti decisioni finanziarie e per evitare &#8211; grazie a una pianificazione degli investimenti e contenimento delle spese  &#8211; un sovraindebitamento e l&#8217;aumento degli oneri d&#8217;imposta.\n<\/p>\n\n\n\n\n\n<h2>Patrizia Cattaneo Beretta<\/h2>\n\n\n\n<h4 style=\"text-align: justify; \">\nPatrizia Cattaneo Beretta, 28.10.1961 <br>\nattivit\u00e0: Consulenze e mandati in diritto statale e canonico; ricerca <br>\nIn breve: Dinamica Capace d\u2019ascolto Tenace <br>\nSposata con Roberto, mamma di Laura, Chiara e Anna.  <br>\n<\/h4>\n <br>\n<p style=\"text-align: justify; \">\nDa pi\u00f9 di dieci anni vivo a Comano, comune di cui mi piace la facilit\u00e0 di contatto con le persone e la vivacit\u00e0 della vita associativa. Nel tempo libero amo lo sport e la vita nella natura. <br>\nConvinta della bont\u00e0 della lista civica costruita su valori che mi sono cari (Famiglia, Ambiente, Insieme), mi piacerebbe contribuire ad un lavoro di squadra nell\u2019esecutivo, secondo le mie passioni e competenze. Laureata, con un dottorato in legge a Zurigo, professionalmente mi sono occupata soprattutto di territorio; mi sono poi \u201crimessa sui libri\u201d e ho ottenuto un master in diritto canonico e uno in diritto delle religioni, per cui oggi svolgo piccole consulenze di diritto statale e ecclesiastico. Sono stata in Consiglio comunale a Massagno per tre legislature. \n<\/p>\n\n\n\n\n\n<h2>Filippo Martinoli <\/h2>\n\n\n\n<h4 style=\"text-align: justify; \">\nFilippo Martinoli, 6.10.1971 <br>\nattivit\u00e0: gestore patrimoniale <br>\nin breve: impegnato, collegiale e concreto\n<\/h4>\n <br>\n<p style=\"text-align: justify; \">\nDal 2021 sono in municipio. Avevo presieduto il consiglio comunale nel 2014. Professionalmente sono attivo nella gestione patrimoniale in una banca luganese. Nell\u2019esecutivo mi sono trovato bene: la squadra \u00e8 ottima. Abbiamo cercato in armonia le soluzioni migliori per portare avanti progetti con un giusto ritmo temporale e con un occhio alla parsimonia. Per me il lavoro di squadra con tutte le forze politiche \u00e8 fondamentale e non nego di essere a favore del mantenimento dell\u2019autonomia del nostro comune. Per mantenerla bisogna avere delle finanze sane e contrastare gli aggravi che il cantone vorrebbe imporci. Nel municipio mi occupo di politica sociale e sicurezza. Sono per una azione lungimirante e ragionata sulla difesa dell\u2019ambiente. Sono per la promozione della natalit\u00e0 e di una giovent\u00f9 sana con una buona scolarizzazione e per me l\u2019attenzione ai bisogni degli anziani qualifica la qualit\u00e0 di un comune.\n<\/p>\n\n\n\n\n\n\n<h2>Simone Pedrazzini <\/h2>\n\n\n\n\n<h4 style=\"text-align: justify; \">\nSimone Pedrazzini 24.10.1989 <br>\nAttivit\u00e0: educatore e facilitatore <br>\nIn breve: Ascolto, Dedizione, Comunit\u00e0\n<\/h4>\n <br>\n<p style=\"text-align: justify; \">\nSalve a tutte e tutti, sono Simone Pedrazzini. Educatore e facilitatore di dinamiche di gruppo, sono anche un appassionato chef che ama trascorrere del tempo tra amici e famigliari. Sono onorato di annunciare la mia candidatura al municipio di Comano. Sono fermamente convinto di poter mettere al servizio del comune la mia passione, la mia dedizione e la mia esperienza. Come educatore, ho imparato l&#8217;importanza di ascoltare, capire e agire per il benessere della comunit\u00e0. Sono determinato a portare avanti tale impegno per la mia amata Comano. Con il vostro sostegno, intendo lavorare al massimo delle mie capacit\u00e0 per favorire un futuro positivo per tutti noi. Sono convinto che, insieme, possiamo fare la differenza e continuare a rendere Comano un posto speciale in cui vivere e crescere.\n<\/p>\n\n\n\n\n\n<h2>Per il Consiglio Comunale<\/h2>\n\n\n\n\n\n<h2>Roberto Beretta <\/h2>\n\n\n\n<p class=\"MsoNormal\" style=\"margin: 0cm; font-family: &quot;Times New Roman&quot;, serif; caret-color: rgb(0, 0, 0); color: rgb(0, 0, 0); text-align: justify;\"><span lang=\"IT\" style=\"font-size: 13.5pt; font-family: Arial, sans-serif;\">Sposato con Patrizia, padre di tre figlie, vivo a Comano dal 2013. Laureato in economia con esperienza nel settore finanziario, attualmente lavoro in consulenza patrimoniale e partecipo a Consigli di fondazione con scopi sociali. Impegnato nella Parrocchia di Comano e revisore per la Croce Verde di Lugano, mi candido per offrire la mia esperienza finanziaria al servizio del Comune.<\/p>\n\n\n\n\n<h2>Maria Grazia Colombi Zaniol <\/h2>\n\n\n\n<p class=\"MsoNormal\" style=\"margin: 0cm; font-family: &quot;Times New Roman&quot;, serif; caret-color: rgb(0, 0, 0); color: rgb(0, 0, 0); text-align: justify;\"><span lang=\"IT\" style=\"font-size: 13.5pt; font-family: Arial, sans-serif;\">Sono cresciuta ad Ascona e risiedo a Comano da pi\u00f9 di 30 anni, sono casalinga, appassionata di viaggi, letture, creativit\u00e0 manuali. Ho lavorato per 24 anni nel settore bancario a stretto contatto con le persone. Sono aperta al dialogo, disponibile e comprensiva. Come in ogni famiglia, so che le risorse vanno gestite in modo oculato quindi pianificando  coerentemente. <\/p>\n\n\n\n\n<h2>Ludovico Conti <\/h2>\n\n\n\n<p class=\"MsoNormal\" style=\"margin: 0cm; font-family: &quot;Times New Roman&quot;, serif; caret-color: rgb(0, 0, 0); color: rgb(0, 0, 0); text-align: justify;\"><span lang=\"IT\" style=\"font-size: 13.5pt; font-family: Arial, sans-serif;\">Sono un dottorando in etica ambientale presso l&#8217;Universit\u00e0 della Svizzera italiana (USI) e presidente di IAMCLIMATE, un\u2019associazione che ho fondato insieme ad alcuni concittadini per sensibilizzare sulla tematica della crisi ambientale. Mi candido per portare in Consiglio comunale una prospettiva giovane e una visione ambientale \u2013 fondamentale per affrontare le sfide ecologiche che il nostro Comune deve, e dovr\u00e0 sempre pi\u00f9, iniziare a gestire. <\/p>\n\n\n\n\n<h2>Lorenzo Marcotullio<\/h2>\n\n\n\n<p style=\"text-align: justify;\"><span style=\"caret-color: rgb(0, 0, 0); color: rgb(0, 0, 0); font-size: 13.5pt; font-family: Arial, sans-serif;\">Economista e istruttore di immersioni subacquee. Sono tornato a Comano nel 2003, dove mi sono subito interessato alla politica comunale. Nelle mie attivit\u00e0, professionali come nel tempo libero e in politica, mi impegno sempre a fondo e passione. Mi piace collaborare con gli altri in ogni ambito possibile, per raggiungere obiettivi e risultati positivi per tutti.<\/p>\n\n\n\n\n<h2>Chiara Pedrazzini <\/h2>\n\n\n\n<p style=\"text-align: justify;\"><span style=\"caret-color: rgb(0, 0, 0); color: rgb(0, 0, 0); font-size: 13.5pt; font-family: Arial, sans-serif;\">Biologa di formazione, ho recentemente concluso il dottorato in scienze ambientali all&#8217;ETH di Zurigo. Attualmente lavoro come ricercatrice presso l\u2019Agroscope, centro di ricerca per l\u2019agricoltura. Adoro trascorrere il mio tempo libero nei nostri boschi. Mi ri-candido con impegno ed entusiasmo per una Comano ancora pi\u00f9 sostenibile e rispettosa dell&#8217;ambiente.<\/p>\n\n\n\n\n<h2>Cristiana Pedrazzini <\/h2>\n\n\n\n<p style=\"text-align: justify;\"><span style=\"caret-color: rgb(0, 0, 0); color: rgb(0, 0, 0); font-size: 13.5pt; font-family: Arial, sans-serif;\">Con un Bachelor in Scienze Gastronomiche e un Master in Sviluppo Sostenibile del Territorio, amo immergermi nella natura, correndo tra i boschi e esplorando le vette della Svizzera, promuovendo la sostenibilit\u00e0 nella vita di tutti i giorni. Mi candido per contribuire a una Comano in armonia con la natura, dove la sostenibilit\u00e0 occupi un posto di rilievo nella quotidianit\u00e0 e nei progetti futuri.<\/p>\n\n\n\n\n<h2>Christopher Wood<\/h2>\n\n\n\n<p style=\"text-align: justify;\"><span style=\"caret-color: rgb(0, 0, 0); color: rgb(0, 0, 0); font-size: 13.5pt; font-family: Arial, sans-serif;\">Nato nel Regno Unito, risiedo nel bel comune di Comano con la mia famiglia dal 2001. Accumulata una vasta esperienza come direttore finanziario in aziende internazionali, sono pronto a mettere questo bagaglio al servizio della nostra comunit\u00e0. Ritengo che gli spazi verdi siano essenziali per migliorare la qualit\u00e0 della vita a Comano.<\/p>\n\n\n\n\n<h2>Jane Wood<\/h2>\n\n\n\n<p style=\"text-align: justify;\"><span lang=\"IT\" style=\"caret-color: rgb(0, 0, 0); color: rgb(0, 0, 0); font-size: 13.5pt; font-family: Arial, sans-serif;\">Originaria di Manchester, nel Regno Unito, sono orgogliosa di chiamare Comano casa mia da 23 anni. Lavorando presso UBS nel settore clienti aziendali, ho cresciuto due figli e di recente sono diventata nonna di gemelli. Questo mi ha reso particolarmente attenta alle tematiche di famiglia e ambiente, sottolineando l&#8217;importanza della comunit\u00e0.<\/p>\n\n\n\n\n<h2>Mattia Zocchi<\/h2>\n\n\n\n<p style=\"text-align: justify;\"><span lang=\"IT\" style=\"caret-color: rgb(0, 0, 0); color: rgb(0, 0, 0); font-size: 13.5pt; font-family: Arial, sans-serif;\">Nato a Sorengo il 10.09.1990, cresciuto a Cureglia. Da luglio 2020 abito a Comano.\nDi formazione commerciale e dal 2018 lavoro presso l\u2019associazione Procap Ticino in qualit\u00e0 di consulente sociale e responsabile di sezione. Da ottobre 2023 ho ripreso gli studi universitari nella facolt\u00e0 di scienze della formazione con orientamento Educazione Sociale e di Comunit\u00e0.\n<\/p>\n\n\n","protected":false},"excerpt":{"rendered":"","protected":false},"author":2,"featured_media":187,"parent":0,"menu_order":0,"comment_status":"closed","ping_status":"closed","template":"","meta":{"pagelayer_contact_templates":[],"_pagelayer_content":"","footnotes":""},"jetpack_sharing_enabled":true,"_links":{"self":[{"href":"https:\/\/faipercomano.ch\/index.php?rest_route=\/wp\/v2\/pages\/87"}],"collection":[{"href":"https:\/\/faipercomano.ch\/index.php?rest_route=\/wp\/v2\/pages"}],"about":[{"href":"https:\/\/faipercomano.ch\/index.php?rest_route=\/wp\/v2\/types\/page"}],"author":[{"embeddable":true,"href":"https:\/\/faipercomano.ch\/index.php?rest_route=\/wp\/v2\/users\/2"}],"replies":[{"embeddable":true,"href":"https:\/\/faipercomano.ch\/index.php?rest_route=%2Fwp%2Fv2%2Fcomments&post=87"}],"version-history":[{"count":57,"href":"https:\/\/faipercomano.ch\/index.php?rest_route=\/wp\/v2\/pages\/87\/revisions"}],"predecessor-version":[{"id":645,"href":"https:\/\/faipercomano.ch\/index.php?rest_route=\/wp\/v2\/pages\/87\/revisions\/645"}],"wp:featuredmedia":[{"embeddable":true,"href":"https:\/\/faipercomano.ch\/index.php?rest_route=\/wp\/v2\/media\/187"}],"wp:attachment":[{"href":"https:\/\/faipercomano.ch\/index.php?rest_route=%2Fwp%2Fv2%2Fmedia&parent=87"}],"curies":[{"name":"wp","href":"https:\/\/api.w.org\/{rel}","templated":true}]}}

<p></p>
<p></p>






<h1>I candidati per le elezioni comunali 2024</h1>





<h2>Per il Municipio e il Consiglio Comunale</h2>







<h2>Paolo Zaniol</h2>



<h4 style="text-align: justify; ">
Paolo Zaniol, 12.01.1959 <br>
attività:  indipendente <br>
In breve: Informati, Rifletti, Decidi <br>
</h4>
 <br>
<p style="text-align: justify; ">
Sono nato a Lugano da papà veneto e mamma locarnese. <br>
Da Savosa mi trasferisco nel1994 a Comano per costruire casa e “mettere su famiglia”.
Sono appassionato di storia (del territorio), di storie (delle persone) e di natura, partendo nel concreto dal  nostro giardino e vigneto.
Sino al 2023, ho lavorato in campo finanziario, da ultimo come responsabile CS Ticino per i rischi di credito commerciali/immobiliari.  Ad oggi resto attivo quale formatore economico ed esperto per diversi esami professionali. <br>
Perché mi candido? : perché dopo una lunga fase di politica “passiva” ho ora tempo e esperienza per una funzione più partecipativa.
Idealmente, ritengo che la risposta migliore per l’amministrazione del nostro Comune sia una lista Civica dove si raggruppino in maniera apartitica il meglio delle competenze, soprattutto adesso in vista d’importanti decisioni finanziarie e per evitare &#8211; grazie a una pianificazione degli investimenti e contenimento delle spese  &#8211; un sovraindebitamento e l&#8217;aumento degli oneri d&#8217;imposta.
</p>





<h2>Patrizia Cattaneo Beretta</h2>



<h4 style="text-align: justify; ">
Patrizia Cattaneo Beretta, 28.10.1961 <br>
attività: Consulenze e mandati in diritto statale e canonico; ricerca <br>
In breve: Dinamica Capace d’ascolto Tenace <br>
Sposata con Roberto, mamma di Laura, Chiara e Anna.  <br>
</h4>
 <br>
<p style="text-align: justify; ">
Da più di dieci anni vivo a Comano, comune di cui mi piace la facilità di contatto con le persone e la vivacità della vita associativa. Nel tempo libero amo lo sport e la vita nella natura. <br>
Convinta della bontà della lista civica costruita su valori che mi sono cari (Famiglia, Ambiente, Insieme), mi piacerebbe contribuire ad un lavoro di squadra nell’esecutivo, secondo le mie passioni e competenze. Laureata, con un dottorato in legge a Zurigo, professionalmente mi sono occupata soprattutto di territorio; mi sono poi “rimessa sui libri” e ho ottenuto un master in diritto canonico e uno in diritto delle religioni, per cui oggi svolgo piccole consulenze di diritto statale e ecclesiastico. Sono stata in Consiglio comunale a Massagno per tre legislature. 
</p>





<h2>Filippo Martinoli </h2>



<h4 style="text-align: justify; ">
Filippo Martinoli, 6.10.1971 <br>
attività: gestore patrimoniale <br>
in breve: impegnato, collegiale e concreto
</h4>
 <br>
<p style="text-align: justify; ">
Dal 2021 sono in municipio. Avevo presieduto il consiglio comunale nel 2014. Professionalmente sono attivo nella gestione patrimoniale in una banca luganese. Nell’esecutivo mi sono trovato bene: la squadra è ottima. Abbiamo cercato in armonia le soluzioni migliori per portare avanti progetti con un giusto ritmo temporale e con un occhio alla parsimonia. Per me il lavoro di squadra con tutte le forze politiche è fondamentale e non nego di essere a favore del mantenimento dell’autonomia del nostro comune. Per mantenerla bisogna avere delle finanze sane e contrastare gli aggravi che il cantone vorrebbe imporci. Nel municipio mi occupo di politica sociale e sicurezza. Sono per una azione lungimirante e ragionata sulla difesa dell’ambiente. Sono per la promozione della natalità e di una gioventù sana con una buona scolarizzazione e per me l’attenzione ai bisogni degli anziani qualifica la qualità di un comune.
</p>






<h2>Simone Pedrazzini </h2>




<h4 style="text-align: justify; ">
Simone Pedrazzini 24.10.1989 <br>
Attività: educatore e facilitatore <br>
In breve: Ascolto, Dedizione, Comunità
</h4>
 <br>
<p style="text-align: justify; ">
Salve a tutte e tutti, sono Simone Pedrazzini. Educatore e facilitatore di dinamiche di gruppo, sono anche un appassionato chef che ama trascorrere del tempo tra amici e famigliari. Sono onorato di annunciare la mia candidatura al municipio di Comano. Sono fermamente convinto di poter mettere al servizio del comune la mia passione, la mia dedizione e la mia esperienza. Come educatore, ho imparato l&#8217;importanza di ascoltare, capire e agire per il benessere della comunità. Sono determinato a portare avanti tale impegno per la mia amata Comano. Con il vostro sostegno, intendo lavorare al massimo delle mie capacità per favorire un futuro positivo per tutti noi. Sono convinto che, insieme, possiamo fare la differenza e continuare a rendere Comano un posto speciale in cui vivere e crescere.
</p>





<h2>Per il Consiglio Comunale</h2>





<h2>Roberto Beretta </h2>



<p class="MsoNormal" style="margin: 0cm; font-family: &quot;Times New Roman&quot;, serif; caret-color: rgb(0, 0, 0); color: rgb(0, 0, 0); text-align: justify;"><span lang="IT" style="font-size: 13.5pt; font-family: Arial, sans-serif;">Sposato con Patrizia, padre di tre figlie, vivo a Comano dal 2013. Laureato in economia con esperienza nel settore finanziario, attualmente lavoro in consulenza patrimoniale e partecipo a Consigli di fondazione con scopi sociali. Impegnato nella Parrocchia di Comano e revisore per la Croce Verde di Lugano, mi candido per offrire la mia esperienza finanziaria al servizio del Comune.</p>




<h2>Maria Grazia Colombi Zaniol </h2>



<p class="MsoNormal" style="margin: 0cm; font-family: &quot;Times New Roman&quot;, serif; caret-color: rgb(0, 0, 0); color: rgb(0, 0, 0); text-align: justify;"><span lang="IT" style="font-size: 13.5pt; font-family: Arial, sans-serif;">Sono cresciuta ad Ascona e risiedo a Comano da più di 30 anni, sono casalinga, appassionata di viaggi, letture, creatività manuali. Ho lavorato per 24 anni nel settore bancario a stretto contatto con le persone. Sono aperta al dialogo, disponibile e comprensiva. Come in ogni famiglia, so che le risorse vanno gestite in modo oculato quindi pianificando  coerentemente. </p>




<h2>Ludovico Conti </h2>



<p class="MsoNormal" style="margin: 0cm; font-family: &quot;Times New Roman&quot;, serif; caret-color: rgb(0, 0, 0); color: rgb(0, 0, 0); text-align: justify;"><span lang="IT" style="font-size: 13.5pt; font-family: Arial, sans-serif;">Sono un dottorando in etica ambientale presso l&#8217;Università della Svizzera italiana (USI) e presidente di IAMCLIMATE, un’associazione che ho fondato insieme ad alcuni concittadini per sensibilizzare sulla tematica della crisi ambientale. Mi candido per portare in Consiglio comunale una prospettiva giovane e una visione ambientale – fondamentale per affrontare le sfide ecologiche che il nostro Comune deve, e dovrà sempre più, iniziare a gestire. </p>




<h2>Lorenzo Marcotullio</h2>



<p style="text-align: justify;"><span style="caret-color: rgb(0, 0, 0); color: rgb(0, 0, 0); font-size: 13.5pt; font-family: Arial, sans-serif;">Economista e istruttore di immersioni subacquee. Sono tornato a Comano nel 2003, dove mi sono subito interessato alla politica comunale. Nelle mie attività, professionali come nel tempo libero e in politica, mi impegno sempre a fondo e passione. Mi piace collaborare con gli altri in ogni ambito possibile, per raggiungere obiettivi e risultati positivi per tutti.</p>




<h2>Chiara Pedrazzini </h2>



<p style="text-align: justify;"><span style="caret-color: rgb(0, 0, 0); color: rgb(0, 0, 0); font-size: 13.5pt; font-family: Arial, sans-serif;">Biologa di formazione, ho recentemente concluso il dottorato in scienze ambientali all&#8217;ETH di Zurigo. Attualmente lavoro come ricercatrice presso l’Agroscope, centro di ricerca per l’agricoltura. Adoro trascorrere il mio tempo libero nei nostri boschi. Mi ri-candido con impegno ed entusiasmo per una Comano ancora più sostenibile e rispettosa dell&#8217;ambiente.</p>




<h2>Cristiana Pedrazzini </h2>



<p style="text-align: justify;"><span style="caret-color: rgb(0, 0, 0); color: rgb(0, 0, 0); font-size: 13.5pt; font-family: Arial, sans-serif;">Con un Bachelor in Scienze Gastronomiche e un Master in Sviluppo Sostenibile del Territorio, amo immergermi nella natura, correndo tra i boschi e esplorando le vette della Svizzera, promuovendo la sostenibilità nella vita di tutti i giorni. Mi candido per contribuire a una Comano in armonia con la natura, dove la sostenibilità occupi un posto di rilievo nella quotidianità e nei progetti futuri.</p>




<h2>Christopher Wood</h2>



<p style="text-align: justify;"><span style="caret-color: rgb(0, 0, 0); color: rgb(0, 0, 0); font-size: 13.5pt; font-family: Arial, sans-serif;">Nato nel Regno Unito, risiedo nel bel comune di Comano con la mia famiglia dal 2001. Accumulata una vasta esperienza come direttore finanziario in aziende internazionali, sono pronto a mettere questo bagaglio al servizio della nostra comunità. Ritengo che gli spazi verdi siano essenziali per migliorare la qualità della vita a Comano.</p>




<h2>Jane Wood</h2>



<p style="text-align: justify;"><span lang="IT" style="caret-color: rgb(0, 0, 0); color: rgb(0, 0, 0); font-size: 13.5pt; font-family: Arial, sans-serif;">Originaria di Manchester, nel Regno Unito, sono orgogliosa di chiamare Comano casa mia da 23 anni. Lavorando presso UBS nel settore clienti aziendali, ho cresciuto due figli e di recente sono diventata nonna di gemelli. Questo mi ha reso particolarmente attenta alle tematiche di famiglia e ambiente, sottolineando l&#8217;importanza della comunità.</p>




<h2>Mattia Zocchi</h2>



<p style="text-align: justify;"><span lang="IT" style="caret-color: rgb(0, 0, 0); color: rgb(0, 0, 0); font-size: 13.5pt; font-family: Arial, sans-serif;">Nato a Sorengo il 10.09.1990, cresciuto a Cureglia. Da luglio 2020 abito a Comano.
Di formazione commerciale e dal 2018 lavoro presso l’associazione Procap Ticino in qualità di consulente sociale e responsabile di sezione. Da ottobre 2023 ho ripreso gli studi universitari nella facoltà di scienze della formazione con orientamento Educazione Sociale e di Comunità.
</p>
