{"id":28,"date":"2021-02-12T14:30:25","date_gmt":"2021-02-12T13:30:25","guid":{"rendered":"https:\/\/faipercomano.ch\/?page_id=28"},"modified":"2024-03-13T08:47:55","modified_gmt":"2024-03-13T07:47:55","slug":"home","status":"publish","type":"page","link":"https:\/\/faipercomano.ch\/","title":{"rendered":"Home"},"content":{"rendered":"\n\n\n<h1>Vota Lista Civica FAI per Comano (numero 1).<\/h1>\n<p>\nCare concittadine e concittadini, <br>\nComano nasconde una forza che chiama al cambiamento. Una vera fucina di idee: la Lista Civica FAI: Famiglia, Ambiente, Insieme.  <br>\nLista Civica FAI crede in una politica attiva, vicina ai bisogni delle famiglie e libera da legami partitici. La forza risiede nelle proposte e nella determinazione delle decisioni. Crediamo nell&#8217;equilibrio e nella responsabilit\u00e0, consapevoli che la solidit\u00e0 finanziaria \u00e8 essenziale per una comunit\u00e0 in crescita. <br>\nLa nostra visione per Comano si basa su pilastri solidi:  <br>\n\u2022\tFamiglia: Dal sostegno agli anziani al supporto per la giovent\u00f9 e le scuole, ci impegniamo a promuovere la centralit\u00e0 delle generazioni in ogni fase della vita.  <br>\n\u2022\tAmbiente: Affrontiamo con azioni concrete l&#8217;emergenza climatica, promuovendo un traffico sostenibile e il risparmio energetico per un domani pi\u00f9 verde.  <br>\n\u2022\tInsieme: Collaboriamo con i comuni limitrofi per un tessuto sociale ricco e attivo, attraverso la cultura, lo sport e la tutela del patrimonio naturale, garantendo la sicurezza dei nostri cittadini. <br>\nLa Lista Civica FAI \u00e8 la scelta per coloro che credono in una Comano dinamica, inclusiva e sostenibile, in cui famiglia, ambiente e comunit\u00e0 lavorano insieme per costruire il futuro. <br>\nSostenete la crescita e il rinnovamento: il 14 Aprile, date forza al vostro voto.  <br>\nInsieme per Comano. Insieme per il futuro. <br>\n<\/p>\n\n\n\n\n\n\n<h2>I candidati per il municipio<\/h2>\n\n\n\n\n\n\n\n<p>\nPatrizia Cattaneo Beretta, <br>\nFilippo Martinoli (Uscente), <br>\nSimone Pedrazzini, <br>\nPaolo Zaniol\n<\/p>\n\n\n\n\n\n\n<h4>Leggilo sui giornali<\/h4>\n\n\n\n\n\n\n\n\n\n\n\n\n<h2>I candidati per il consiglio comunale<\/h2>\n\n\n<p>\nRoberto Beretta, <br>\nPatrizia Cattaneo Beretta, <br>\nMaria Grazia Colombi Zaniol, <br>\nLudovico Conti, <br>\nLorenzo Marcotullio, <br>\nFilippo Martinoli, <br>\nChiara Pedrazzini (Uscente), <br>\nCristiana Pedrazzini (Uscente), <br>\nSimone Pedrazzini (Uscente), <br>\nChristopher Wood, <br>\nJane Wood, <br>\nPaolo Zaniol, <br>\nMattia Zocchi\n<\/p>\n\n\n\n\n\n\n\n\n\n\n\n\n\n\n\n\nFamiglia\n<p class=\"MsoNormal\" style=\"margin: 6pt 0cm 0cm; line-height: normal; font-size: 11pt; font-family: Calibri, sans-serif; caret-color: rgb(0, 0, 0); color: rgb(0, 0, 0); text-align: justify;\">La lista civica vuole essere famiglia, creare un senso di appartenenza a Comano. Portare un modo di fare politica vicina al cittadino. Vicino ai bambini, vicino ai genitori, vicino alle persone sole, vicino ai giovani, vicino agli anziani, insomma vicino a tutti i cittadini del nostro comune.<\/p><br><p class=\"MsoNormal\" style=\"margin: 6pt 0cm 0cm; line-height: normal; font-size: 11pt; font-family: Calibri, sans-serif; caret-color: rgb(0, 0, 0); color: rgb(0, 0, 0); text-align: justify;\"><em>FAI il cambiamento!<\/em><\/p>\n\n\n\n\n\n\n\n\n\n\n\n\n\nInsieme\n<p class=\"MsoNormal\" style=\"margin: 6pt 0cm 0cm; line-height: normal; font-size: 11pt; font-family: Calibri, sans-serif; caret-color: rgb(0, 0, 0); color: rgb(0, 0, 0); text-align: justify;\">Contrari a una politica fatta di personalismi, puntiamo a creare un clima di collaborazione, un gruppo forte che agisca insieme. Ognuno diverso, ma che abbia lo spazio per esprimersi e per portare idee nuove. \u00c8 nella diversit\u00e0 che si cresce.&nbsp;<\/p><br><p class=\"MsoNormal\" style=\"margin: 6pt 0cm 0cm; line-height: normal; font-size: 11pt; font-family: Calibri, sans-serif; caret-color: rgb(0, 0, 0); color: rgb(0, 0, 0); text-align: justify;\"><em>FAI: famiglia, ambiente, costruiamo insieme!<\/em><\/p>\n\n\n\n\n\n\n\n\n\n\n\n\n\nAmbiente\n<p class=\"MsoNormal\" style=\"margin: 6pt 0cm 0cm; line-height: normal; font-size: 11pt; font-family: Calibri, sans-serif; caret-color: rgb(0, 0, 0); color: rgb(0, 0, 0); text-align: justify;\">La nostra lista civica si \u00e8 sempre distinta per sollevare tematiche ambientali. Non abbiamo di certo inventato l\u2019acqua calda, ma nemmeno siamo tra quelli che saltano sul carro del vincitore perch\u00e9 \u00e8 il tema del momento. La lista civica si muove per la salvaguardia dell\u2019ambiente, per il rispetto del territorio, ma anche per sensibilizzare la popolazione verso il dramma ambientale in atto in questo momento.<\/p><p class=\"MsoNormal\" style=\"margin: 6pt 0cm 0cm; line-height: normal; font-size: 11pt; font-family: Calibri, sans-serif; caret-color: rgb(0, 0, 0); color: rgb(0, 0, 0); text-align: justify;\"><em>gli ambientalisti di Comano si riconoscono nel FAI<\/em><\/p>\n\n\n\n\n\nFAMIGLIA, AMBIENTE, INSIEME\n\n\n\n\n\n\n\n\n\n\n\n\n\nMa non solo&#8230;\n\n\n\n<p style=\"font-size: 14px;\">il FAI \u00e8 flessibile, riesce a recepire le esigenze e ad adattarsi ai cambiamenti della societ\u00e0, pronto a coglierne i sentimenti. Pronto a cogliere le idee e ad accoglierle al proprio interno. Flessibile nel portare avanti idee prive di rigidi ideologismi che spesso creano muri, ma cariche di apertura e pronte a costruire ponti per incontrarsi.<\/p>\n\n\n<p style=\"font-size: 14px;\">cerchiamo di portare una politica accorta, dove le idee sono accolte e discusse assieme in un clima di chiarezza e trasparenza. Per fortuna nessuno la pensa allo stesso modo e questa variet\u00e0 \u00e8 un altro dei tanti talenti del nostro modo di fare politica, grazie al quale giungiamo sempre tutti a condividere la necessit\u00e0 di proteggere l\u2019ambiente in cui viviamo.<\/p>\n\n\n<p style=\"font-size: 14px;\">siamo sicuri che non esiste il politico perfetto, che sappia rispondere a tutte le domande e che conosca tutte le tematiche. Nella politica odierna, sempre pi\u00f9 spesso il dibattito \u00e8 inaridito da persone che pensano di avere un\u2019opinione per tutto! Una politica tautologica che non porta da nessuna parte se non al sentimento di sfiducia da parte dei cittadini. \u00c8 per questo motivo che, come lista, siamo favorevoli e spingiamo per una politica inclusiva, dove ognuno \u00e8 competente in ambiti che gli concernono e \u2013 unendo le opinioni \u2013 si crea un insieme forte di proposte a favore di tutti.<\/p>\n\n\n\n\n\n\nFAI il cambiamento!\n\n<p style=\"text-align: center; font-size: 14px;\">Siamo pronti, a lavorare per e con Comano! &nbsp;<\/p><p style=\"text-align: center; font-size: 14px;\">Siamo convinti del nostro impegno e della nostra volont\u00e0! &nbsp;<\/p><p style=\"text-align: center; font-size: 14px;\">\u00c8 il momento giusto! &nbsp;<\/p><p style=\"text-align: center; font-size: 14px;\">Comano fa parte dei nostri sogni.&nbsp;<\/p><p style=\"text-align: center; font-size: 14px;\">Comano fa parte delle nostre certezze!<\/p><p style=\"text-align: center; font-size: 14px;\">Se FAI, nulla \u00e8 impossibile<\/p><br>\n\n\n\n\n\nLa nostra Comano\n\n\n\n\n\n\n\n\n\n\n\n\n\n\n\n\n\n\n\n\n\n\n\n\n\n\n\n\n\n\n\n\n\n\n\n\n\n\n\n","protected":false},"excerpt":{"rendered":"","protected":false},"author":1,"featured_media":0,"parent":0,"menu_order":0,"comment_status":"closed","ping_status":"closed","template":"","meta":{"pagelayer_contact_templates":[],"_pagelayer_content":"","footnotes":""},"jetpack_sharing_enabled":true,"_links":{"self":[{"href":"https:\/\/faipercomano.ch\/index.php?rest_route=\/wp\/v2\/pages\/28"}],"collection":[{"href":"https:\/\/faipercomano.ch\/index.php?rest_route=\/wp\/v2\/pages"}],"about":[{"href":"https:\/\/faipercomano.ch\/index.php?rest_route=\/wp\/v2\/types\/page"}],"author":[{"embeddable":true,"href":"https:\/\/faipercomano.ch\/index.php?rest_route=\/wp\/v2\/users\/1"}],"replies":[{"embeddable":true,"href":"https:\/\/faipercomano.ch\/index.php?rest_route=%2Fwp%2Fv2%2Fcomments&post=28"}],"version-history":[{"count":40,"href":"https:\/\/faipercomano.ch\/index.php?rest_route=\/wp\/v2\/pages\/28\/revisions"}],"predecessor-version":[{"id":603,"href":"https:\/\/faipercomano.ch\/index.php?rest_route=\/wp\/v2\/pages\/28\/revisions\/603"}],"wp:attachment":[{"href":"https:\/\/faipercomano.ch\/index.php?rest_route=%2Fwp%2Fv2%2Fmedia&parent=28"}],"curies":[{"name":"wp","href":"https:\/\/api.w.org\/{rel}","templated":true}]}}

<h1>Vota Lista Civica FAI per Comano (numero 1).</h1>
<p>
Care concittadine e concittadini, <br>
Comano nasconde una forza che chiama al cambiamento. Una vera fucina di idee: la Lista Civica FAI: Famiglia, Ambiente, Insieme.  <br>
Lista Civica FAI crede in una politica attiva, vicina ai bisogni delle famiglie e libera da legami partitici. La forza risiede nelle proposte e nella determinazione delle decisioni. Crediamo nell&#8217;equilibrio e nella responsabilità, consapevoli che la solidità finanziaria è essenziale per una comunità in crescita. <br>
La nostra visione per Comano si basa su pilastri solidi:  <br>
•	Famiglia: Dal sostegno agli anziani al supporto per la gioventù e le scuole, ci impegniamo a promuovere la centralità delle generazioni in ogni fase della vita.  <br>
•	Ambiente: Affrontiamo con azioni concrete l&#8217;emergenza climatica, promuovendo un traffico sostenibile e il risparmio energetico per un domani più verde.  <br>
•	Insieme: Collaboriamo con i comuni limitrofi per un tessuto sociale ricco e attivo, attraverso la cultura, lo sport e la tutela del patrimonio naturale, garantendo la sicurezza dei nostri cittadini. <br>
La Lista Civica FAI è la scelta per coloro che credono in una Comano dinamica, inclusiva e sostenibile, in cui famiglia, ambiente e comunità lavorano insieme per costruire il futuro. <br>
Sostenete la crescita e il rinnovamento: il 14 Aprile, date forza al vostro voto.  <br>
Insieme per Comano. Insieme per il futuro. <br>
</p>






<h2>I candidati per il municipio</h2>







<p>
Patrizia Cattaneo Beretta, <br>
Filippo Martinoli (Uscente), <br>
Simone Pedrazzini, <br>
Paolo Zaniol
</p>






<h4>Leggilo sui giornali</h4>












<h2>I candidati per il consiglio comunale</h2>


<p>
Roberto Beretta, <br>
Patrizia Cattaneo Beretta, <br>
Maria Grazia Colombi Zaniol, <br>
Ludovico Conti, <br>
Lorenzo Marcotullio, <br>
Filippo Martinoli, <br>
Chiara Pedrazzini (Uscente), <br>
Cristiana Pedrazzini (Uscente), <br>
Simone Pedrazzini (Uscente), <br>
Christopher Wood, <br>
Jane Wood, <br>
Paolo Zaniol, <br>
Mattia Zocchi
</p>
















Famiglia
<p class="MsoNormal" style="margin: 6pt 0cm 0cm; line-height: normal; font-size: 11pt; font-family: Calibri, sans-serif; caret-color: rgb(0, 0, 0); color: rgb(0, 0, 0); text-align: justify;">La lista civica vuole essere famiglia, creare un senso di appartenenza a Comano. Portare un modo di fare politica vicina al cittadino. Vicino ai bambini, vicino ai genitori, vicino alle persone sole, vicino ai giovani, vicino agli anziani, insomma vicino a tutti i cittadini del nostro comune.</p><br><p class="MsoNormal" style="margin: 6pt 0cm 0cm; line-height: normal; font-size: 11pt; font-family: Calibri, sans-serif; caret-color: rgb(0, 0, 0); color: rgb(0, 0, 0); text-align: justify;"><em>FAI il cambiamento!</em></p>













Insieme
<p class="MsoNormal" style="margin: 6pt 0cm 0cm; line-height: normal; font-size: 11pt; font-family: Calibri, sans-serif; caret-color: rgb(0, 0, 0); color: rgb(0, 0, 0); text-align: justify;">Contrari a una politica fatta di personalismi, puntiamo a creare un clima di collaborazione, un gruppo forte che agisca insieme. Ognuno diverso, ma che abbia lo spazio per esprimersi e per portare idee nuove. È nella diversità che si cresce.&nbsp;</p><br><p class="MsoNormal" style="margin: 6pt 0cm 0cm; line-height: normal; font-size: 11pt; font-family: Calibri, sans-serif; caret-color: rgb(0, 0, 0); color: rgb(0, 0, 0); text-align: justify;"><em>FAI: famiglia, ambiente, costruiamo insieme!</em></p>













Ambiente
<p class="MsoNormal" style="margin: 6pt 0cm 0cm; line-height: normal; font-size: 11pt; font-family: Calibri, sans-serif; caret-color: rgb(0, 0, 0); color: rgb(0, 0, 0); text-align: justify;">La nostra lista civica si è sempre distinta per sollevare tematiche ambientali. Non abbiamo di certo inventato l’acqua calda, ma nemmeno siamo tra quelli che saltano sul carro del vincitore perché è il tema del momento. La lista civica si muove per la salvaguardia dell’ambiente, per il rispetto del territorio, ma anche per sensibilizzare la popolazione verso il dramma ambientale in atto in questo momento.</p><p class="MsoNormal" style="margin: 6pt 0cm 0cm; line-height: normal; font-size: 11pt; font-family: Calibri, sans-serif; caret-color: rgb(0, 0, 0); color: rgb(0, 0, 0); text-align: justify;"><em>gli ambientalisti di Comano si riconoscono nel FAI</em></p>





FAMIGLIA, AMBIENTE, INSIEME













Ma non solo&#8230;



<p style="font-size: 14px;">il FAI è flessibile, riesce a recepire le esigenze e ad adattarsi ai cambiamenti della società, pronto a coglierne i sentimenti. Pronto a cogliere le idee e ad accoglierle al proprio interno. Flessibile nel portare avanti idee prive di rigidi ideologismi che spesso creano muri, ma cariche di apertura e pronte a costruire ponti per incontrarsi.</p>


<p style="font-size: 14px;">cerchiamo di portare una politica accorta, dove le idee sono accolte e discusse assieme in un clima di chiarezza e trasparenza. Per fortuna nessuno la pensa allo stesso modo e questa varietà è un altro dei tanti talenti del nostro modo di fare politica, grazie al quale giungiamo sempre tutti a condividere la necessità di proteggere l’ambiente in cui viviamo.</p>


<p style="font-size: 14px;">siamo sicuri che non esiste il politico perfetto, che sappia rispondere a tutte le domande e che conosca tutte le tematiche. Nella politica odierna, sempre più spesso il dibattito è inaridito da persone che pensano di avere un’opinione per tutto! Una politica tautologica che non porta da nessuna parte se non al sentimento di sfiducia da parte dei cittadini. È per questo motivo che, come lista, siamo favorevoli e spingiamo per una politica inclusiva, dove ognuno è competente in ambiti che gli concernono e – unendo le opinioni – si crea un insieme forte di proposte a favore di tutti.</p>






FAI il cambiamento!

<p style="text-align: center; font-size: 14px;">Siamo pronti, a lavorare per e con Comano! &nbsp;</p><p style="text-align: center; font-size: 14px;">Siamo convinti del nostro impegno e della nostra volontà! &nbsp;</p><p style="text-align: center; font-size: 14px;">È il momento giusto! &nbsp;</p><p style="text-align: center; font-size: 14px;">Comano fa parte dei nostri sogni.&nbsp;</p><p style="text-align: center; font-size: 14px;">Comano fa parte delle nostre certezze!</p><p style="text-align: center; font-size: 14px;">Se FAI, nulla è impossibile</p><br>





La nostra Comano
